{"id":153,"date":"2026-05-06T09:01:35","date_gmt":"2026-05-06T09:01:35","guid":{"rendered":"https:\/\/www.hogarsintoxicos.com\/?page_id=153"},"modified":"2026-05-06T09:06:24","modified_gmt":"2026-05-06T09:06:24","slug":"recursos-gratuitos","status":"publish","type":"page","link":"https:\/\/www.hogarsintoxicos.com\/?page_id=153","title":{"rendered":"Recursos Gratu\u00edtos"},"content":{"rendered":"\n<figure class=\"wp-block-image size-large\"><img loading=\"lazy\" decoding=\"async\" width=\"1024\" height=\"683\" src=\"https:\/\/www.hogarsintoxicos.com\/wp\/wp-content\/uploads\/2026\/05\/recursos-gratuitos-1024x683.jpg\" alt=\"\" class=\"wp-image-158\" srcset=\"https:\/\/www.hogarsintoxicos.com\/wp\/wp-content\/uploads\/2026\/05\/recursos-gratuitos-1024x683.jpg 1024w, https:\/\/www.hogarsintoxicos.com\/wp\/wp-content\/uploads\/2026\/05\/recursos-gratuitos-300x200.jpg 300w, https:\/\/www.hogarsintoxicos.com\/wp\/wp-content\/uploads\/2026\/05\/recursos-gratuitos-768x512.jpg 768w, https:\/\/www.hogarsintoxicos.com\/wp\/wp-content\/uploads\/2026\/05\/recursos-gratuitos.jpg 1536w\" sizes=\"auto, (max-width: 1024px) 100vw, 1024px\" \/><\/figure>\n\n\n\n<p>He creado estos recursos gratuitos para ayudarte a entender mejor lo que usamos cada d\u00eda en casa y c\u00f3mo empezar a hacer cambios m\u00e1s conscientes, simples y realistas<\/p>\n\n\n\n<p>No necesitas hacerlo perfecto.<br>La idea es aprender poco a poco y descubrir alternativas m\u00e1s suaves para tu hogar, tu familia y tu bienestar<\/p>\n\n\n\n<h2 class=\"wp-block-heading\"><strong>Aqu\u00ed encontrar\u00e1s:<\/strong><\/h2>\n\n\n\n<p>gu\u00edas pr\u00e1cticas,<br>ideas f\u00e1ciles de aplicar,<br>informaci\u00f3n sobre disruptores endocrinos,<br>lavander\u00eda m\u00e1s consciente,<br>aire interior,<br>hogar m\u00e1s suave para personas sensibles,<br>y cambios simples para empezar sin agobiarte<\/p>\n\n\n\n<h2 class=\"wp-block-heading\">\u00bfPor qu\u00e9 hice estas gu\u00edas?<\/h2>\n\n\n\n<p>Porque durante a\u00f1os yo tambi\u00e9n us\u00e9 productos convencionales pensando que eran normales.<br>Hasta que empec\u00e9 a investigar m\u00e1s sobre:<br>fragancias,<br>qu\u00edmicos innecesarios,<br>sensibilidad,<br>y calidad del aire interior.<br>Y entend\u00ed que peque\u00f1os cambios pueden marcar una gran diferencia con el tiempo<br><br><\/p>\n\n\n\n<h2 class=\"wp-block-heading\"><strong>Algunas Gu\u00edas Disponibles<\/strong><\/h2>\n\n\n\n<ul class=\"wp-block-list\">\n<li>5 cambios simples para un hogar m\u00e1s seguro<\/li>\n\n\n\n<li>Qu\u00e9 eliminar primero de tu lavander\u00eda<\/li>\n\n\n\n<li>Disruptores endocrinos m\u00e1s comunes en casa<\/li>\n\n\n\n<li>Hogar m\u00e1s suave para personas sensibles o con TEA<\/li>\n\n\n\n<li>Por d\u00f3nde empezar sin obsesionarte<\/li>\n<\/ul>\n\n\n\n<p>Si quieres recibir alguna gu\u00eda o saber qu\u00e9 cambios hice yo en mi hogar\u2026<\/p>\n\n\n\n<div class=\"wp-block-buttons is-layout-flex wp-block-buttons-is-layout-flex\">\n<div class=\"wp-block-button\"><a class=\"wp-block-button__link wp-element-button\" href=\"https:\/\/wa.me\/34640549604?text=Hola,%20quiero%20una%20de%20las%20gu\u00edas%20gratuitas\">QUIERO UNA GU\u00cdA<\/a><\/div>\n<\/div>\n\n\n\n<p><br>Puedes escribirme por WhatsApp y te cuento por d\u00f3nde puedes empezar de forma sencilla<\/p>\n\n\n\n<p><\/p>\n","protected":false},"excerpt":{"rendered":"<p>He creado estos recursos gratuitos para ayudarte a entender mejor lo que usamos cada d\u00eda en casa y c\u00f3mo empezar a hacer cambios m\u00e1s conscientes, simples y realistas No necesitas hacerlo perfecto.La idea es aprender poco a poco y descubrir alternativas m\u00e1s suaves para tu hogar, tu familia y tu bienestar Aqu\u00ed encontrar\u00e1s: gu\u00edas pr\u00e1cticas,ideas [&hellip;]<\/p>\n","protected":false},"author":1,"featured_media":0,"parent":0,"menu_order":0,"comment_status":"closed","ping_status":"closed","template":"","meta":{"footnotes":""},"class_list":["post-153","page","type-page","status-publish","hentry"],"_links":{"self":[{"href":"https:\/\/www.hogarsintoxicos.com\/index.php?rest_route=\/wp\/v2\/pages\/153","targetHints":{"allow":["GET"]}}],"collection":[{"href":"https:\/\/www.hogarsintoxicos.com\/index.php?rest_route=\/wp\/v2\/pages"}],"about":[{"href":"https:\/\/www.hogarsintoxicos.com\/index.php?rest_route=\/wp\/v2\/types\/page"}],"author":[{"embeddable":true,"href":"https:\/\/www.hogarsintoxicos.com\/index.php?rest_route=\/wp\/v2\/users\/1"}],"replies":[{"embeddable":true,"href":"https:\/\/www.hogarsintoxicos.com\/index.php?rest_route=%2Fwp%2Fv2%2Fcomments&post=153"}],"version-history":[{"count":6,"href":"https:\/\/www.hogarsintoxicos.com\/index.php?rest_route=\/wp\/v2\/pages\/153\/revisions"}],"predecessor-version":[{"id":160,"href":"https:\/\/www.hogarsintoxicos.com\/index.php?rest_route=\/wp\/v2\/pages\/153\/revisions\/160"}],"wp:attachment":[{"href":"https:\/\/www.hogarsintoxicos.com\/index.php?rest_route=%2Fwp%2Fv2%2Fmedia&parent=153"}],"curies":[{"name":"wp","href":"https:\/\/api.w.org\/{rel}","templated":true}]}}