{"id":20,"date":"2026-05-05T15:27:24","date_gmt":"2026-05-05T15:27:24","guid":{"rendered":"https:\/\/www.hogarsintoxicos.com\/wp\/?page_id=20"},"modified":"2026-05-06T09:14:38","modified_gmt":"2026-05-06T09:14:38","slug":"bebes-y-ninos","status":"publish","type":"page","link":"https:\/\/www.hogarsintoxicos.com\/?page_id=20","title":{"rendered":"Beb\u00e9s y ni\u00f1os"},"content":{"rendered":"\n<figure class=\"wp-block-image alignfull size-large\"><img loading=\"lazy\" decoding=\"async\" width=\"1024\" height=\"607\" src=\"https:\/\/www.hogarsintoxicos.com\/wp\/wp-content\/uploads\/2026\/05\/bebe-gateando-1024x607.webp\" alt=\"\" class=\"wp-image-41\" srcset=\"https:\/\/www.hogarsintoxicos.com\/wp\/wp-content\/uploads\/2026\/05\/bebe-gateando-1024x607.webp 1024w, https:\/\/www.hogarsintoxicos.com\/wp\/wp-content\/uploads\/2026\/05\/bebe-gateando-300x178.webp 300w, https:\/\/www.hogarsintoxicos.com\/wp\/wp-content\/uploads\/2026\/05\/bebe-gateando-768x455.webp 768w, https:\/\/www.hogarsintoxicos.com\/wp\/wp-content\/uploads\/2026\/05\/bebe-gateando.webp 1265w\" sizes=\"auto, (max-width: 1024px) 100vw, 1024px\" \/><\/figure>\n\n\n\n<h2 class=\"wp-block-heading\"><strong>Si tienes ni\u00f1os en casa\u2026 esto te interesa m\u00e1s de lo que crees<\/strong><\/h2>\n\n\n\n<p>Porque su cuerpo no puede defenderse igual que el tuyo.<\/p>\n\n\n\n<p>Ellos pasan m\u00e1s tiempo en el suelo, tocan todo y su cuerpo a\u00fan se est\u00e1 desarrollando<\/p>\n\n\n\n<p><strong>Limpiamos pensado que los estamos protegiendo<\/strong><\/p>\n\n\n\n<h2 class=\"wp-block-heading\">Pero&#8230;<\/h2>\n\n\n\n<p><strong>Y sin darte cuenta&#8230; est\u00e1n en contacto diario con sustancias <\/strong>que no ves.<\/p>\n\n\n\n<p><strong>Y esto pasa cada d\u00eda:<\/strong><\/p>\n\n\n\n<ul class=\"wp-block-list\">\n<li>Gatean sobre suelos reci\u00e9n fregados.<\/li>\n\n\n\n<li>Se llevan las manos a la boca constantemente<\/li>\n\n\n\n<li>Tocan superficies que acabas de limpiar<\/li>\n\n\n\n<li><strong>Respiran lo mismo que t\u00fa, pero su cuerpo es m\u00e1s sensible<\/strong><\/li>\n<\/ul>\n\n\n\n<p><strong>No es solo lo que comen.. tambi\u00e9n importa lo que tocan y respiran.<\/strong><\/p>\n\n\n\n<ul class=\"wp-block-list\">\n<li>Suelos con restos de productos de limpieza<\/li>\n\n\n\n<li>Detergentes que quedan en su ropa<\/li>\n\n\n\n<li>Superficies \u00ablimpias\u00bb pero con qu\u00edmicos<\/li>\n\n\n\n<li>Ambientadores en habitaciones cerradas<\/li>\n\n\n\n<li>Productos que tocan su piel todos los d\u00edas.<\/li>\n<\/ul>\n\n\n\n<p><strong>No se trata de obsesionarse. Se trata de saber lo que est\u00e1s haciendo.<\/strong><\/p>\n\n\n\n<p><strong>Y cuando lo entiendes.. ya no puedes  mirar tu casa igual.<\/strong><\/p>\n\n\n\n<div class=\"wp-block-buttons is-layout-flex wp-block-buttons-is-layout-flex\">\n<div class=\"wp-block-button\"><a class=\"wp-block-button__link wp-element-button\" href=\"https:\/\/wa.me\/34640549604?text=Hola,%20quiero%20empezar%20ya\">QUIERO EMPEZAR HOY<\/a><\/div>\n<\/div>\n\n\n\n<p>Se trata de hacer peque\u00f1os cambios que marcan una gran diferencia:<\/p>\n\n\n\n<ul class=\"wp-block-list\">\n<li>Elegir mejor con qu\u00e9 limpias<\/li>\n\n\n\n<li>Reducir lo innecesario<\/li>\n\n\n\n<li>Priorizar productos m\u00e1s seguros<\/li>\n\n\n\n<li>Crear un entorno m\u00e1s limpio de verdad<\/li>\n<\/ul>\n\n\n\n<p>Si quieres empezar sin complicarte, te ense\u00f1o exactamente por d\u00f3nde<\/p>\n\n\n\n<div data-wp-context=\"{ &quot;autoclose&quot;: false, &quot;accordionItems&quot;: [] }\" data-wp-interactive=\"core\/accordion\" role=\"group\" class=\"wp-block-accordion is-layout-flow wp-block-accordion-is-layout-flow\">\n<div data-wp-class--is-open=\"state.isOpen\" data-wp-context=\"{ &quot;id&quot;: &quot;accordion-item-1&quot;, &quot;openByDefault&quot;: false }\" data-wp-init=\"callbacks.initAccordionItems\" data-wp-on-window--hashchange=\"callbacks.hashChange\" class=\"wp-block-accordion-item is-layout-flow wp-block-accordion-item-is-layout-flow\">\n<h3 class=\"wp-block-accordion-heading\"><button aria-expanded=\"false\" aria-controls=\"accordion-item-1-panel\" data-wp-bind--aria-expanded=\"state.isOpen\" data-wp-on--click=\"actions.toggle\" data-wp-on--keydown=\"actions.handleKeyDown\" id=\"accordion-item-1\" type=\"button\" class=\"wp-block-accordion-heading__toggle\"><span class=\"wp-block-accordion-heading__toggle-title\"><\/span><span class=\"wp-block-accordion-heading__toggle-icon\" aria-hidden=\"true\">+<\/span><\/button><\/h3>\n\n\n\n<div inert aria-labelledby=\"accordion-item-1\" data-wp-bind--inert=\"!state.isOpen\" id=\"accordion-item-1-panel\" role=\"region\" class=\"wp-block-accordion-panel is-layout-flow wp-block-accordion-panel-is-layout-flow\">\n<p><\/p>\n<\/div>\n<\/div>\n<\/div>\n\n\n\n<p><\/p>\n","protected":false},"excerpt":{"rendered":"<p>Si tienes ni\u00f1os en casa\u2026 esto te interesa m\u00e1s de lo que crees Porque su cuerpo no puede defenderse igual que el tuyo. Ellos pasan m\u00e1s tiempo en el suelo, tocan todo y su cuerpo a\u00fan se est\u00e1 desarrollando Limpiamos pensado que los estamos protegiendo Pero&#8230; Y sin darte cuenta&#8230; est\u00e1n en contacto diario con [&hellip;]<\/p>\n","protected":false},"author":1,"featured_media":0,"parent":0,"menu_order":2,"comment_status":"closed","ping_status":"closed","template":"","meta":{"footnotes":""},"class_list":["post-20","page","type-page","status-publish","hentry"],"_links":{"self":[{"href":"https:\/\/www.hogarsintoxicos.com\/index.php?rest_route=\/wp\/v2\/pages\/20","targetHints":{"allow":["GET"]}}],"collection":[{"href":"https:\/\/www.hogarsintoxicos.com\/index.php?rest_route=\/wp\/v2\/pages"}],"about":[{"href":"https:\/\/www.hogarsintoxicos.com\/index.php?rest_route=\/wp\/v2\/types\/page"}],"author":[{"embeddable":true,"href":"https:\/\/www.hogarsintoxicos.com\/index.php?rest_route=\/wp\/v2\/users\/1"}],"replies":[{"embeddable":true,"href":"https:\/\/www.hogarsintoxicos.com\/index.php?rest_route=%2Fwp%2Fv2%2Fcomments&post=20"}],"version-history":[{"count":13,"href":"https:\/\/www.hogarsintoxicos.com\/index.php?rest_route=\/wp\/v2\/pages\/20\/revisions"}],"predecessor-version":[{"id":166,"href":"https:\/\/www.hogarsintoxicos.com\/index.php?rest_route=\/wp\/v2\/pages\/20\/revisions\/166"}],"wp:attachment":[{"href":"https:\/\/www.hogarsintoxicos.com\/index.php?rest_route=%2Fwp%2Fv2%2Fmedia&parent=20"}],"curies":[{"name":"wp","href":"https:\/\/api.w.org\/{rel}","templated":true}]}}